{"id":576,"date":"2014-10-30T17:59:14","date_gmt":"2014-10-30T17:59:14","guid":{"rendered":"https:\/\/www.2013.fif.art.br\/?page_id=576"},"modified":"2014-11-17T21:33:09","modified_gmt":"2014-11-17T21:33:09","slug":"palestras-2013","status":"publish","type":"page","link":"https:\/\/www.2013.fif.art.br\/?page_id=576","title":{"rendered":"PALESTRAS 2013"},"content":{"rendered":"<p class=\"p1\"><div class=\"one_fourth\"><strong><span style=\"color: #800000;\"><span style=\"color: #800000;\"><a href=\"https:\/\/www.2013.fif.art.br\/?page_id=29\">EXPOSI\u00c7\u00c3O<br \/>\n<\/a><\/span><\/span><\/strong><a style=\"color: #808080;\" href=\"https:\/\/www.2013.fif.art.br\/?page_id=29\">Exhibition<\/a><\/p>\n<p class=\"p1\"><a title=\"PALESTRAS 2013\" href=\"https:\/\/www.2013.fif.art.br\/?page_id=576\"><span style=\"color: #800000;\"><strong>PALESTRAS<\/strong><span class=\"s1\"><br \/>\n<\/span><span style=\"color: #808080;\">Lectures<\/span><\/span><\/a><\/p>\n<p class=\"p1\"><span style=\"color: #800000;\"><strong>OFICINAS<\/strong><span class=\"s1\"><br \/>\n<\/span><span style=\"color: #808080;\">Workshops<\/span><\/span><\/p>\n<p class=\"p1\"><strong><span style=\"color: #800000;\"><a title=\"MARATONA FOTOGR\u00c1FICA 2013\" href=\"https:\/\/www.2013.fif.art.br\/?page_id=583\">MARATONA FOTOGR\u00c1FICA<\/a><br \/>\n<a title=\"MARATONA FOTOGR\u00c1FICA 2013\" href=\"https:\/\/www.2013.fif.art.br\/?page_id=583\"><span style=\"color: #808080;\">Photographic Marathon<\/span><\/a><br \/>\n<\/span><\/strong><\/p>\n<p class=\"p1\"><strong><span style=\"color: #800000;\"><a title=\"LEITURAS DE PORTFOLIO 2013\" href=\"https:\/\/www.2013.fif.art.br\/?page_id=574\">LEITURAS DE PORTFOLIO<\/a><br \/>\n<a title=\"LEITURAS DE PORTFOLIO 2013\" href=\"https:\/\/www.2013.fif.art.br\/?page_id=574\"><span style=\"color: #808080;\">Portfolio reviews<\/span><\/a><br \/>\n<\/span><\/strong><\/p>\n<p class=\"p1\"><strong><span style=\"color: #800000;\"><a title=\"EDUCATIVO 2013\" href=\"https:\/\/www.2013.fif.art.br\/?page_id=578\">EDUCATIVO<\/a><br \/>\n<a title=\"EDUCATIVO 2013\" href=\"https:\/\/www.2013.fif.art.br\/?page_id=578\"><span style=\"color: #808080;\">Educational<\/span><\/a><br \/>\n<\/span><\/strong><\/p>\n<p class=\"p1\"><strong><span style=\"color: #800000;\">ARTISTAS<br \/>\n<span style=\"color: #808080;\">Artists<\/span><\/span><\/strong><\/p>\n<p class=\"p1\"><strong><span style=\"color: #800000;\">CONVIDADOS<br \/>\n<\/span><\/strong><strong><span style=\"color: #800000;\"><span style=\"color: #808080;\">Contributors<\/span><\/span><\/strong><\/div><div class=\"three_fourth last\"><iframe loading=\"lazy\" src=\"\/\/player.vimeo.com\/video\/74664135\" width=\"699\" height=\"394\" frameborder=\"0\" allowfullscreen=\"allowfullscreen\"><\/iframe><\/p>\n<p>&nbsp;<\/p>\n<div class=\"one_half\">Os temas e experimenta\u00e7\u00f5es propostos nas palestras t\u00eam por objetivo levar ao p\u00fablico um panorama ampliado do processo de produ\u00e7\u00e3o fotogr\u00e1fica, desde sua origem at\u00e9 os dias de hoje. Cobrem um extenso territ\u00f3rio te\u00f3rico, pr\u00e1tico, po\u00e9tico e criativo, contemplando os campos tradicional e experimental da fotografia.<\/p>\n<p>As palestras s\u00e3o uma atividade acess\u00edvel a plateias diversificadas, possibilitando tanto a forma\u00e7\u00e3o de p\u00fablico quanto a capacita\u00e7\u00e3o profissional dos participantes. Assim, o Festival Internacional de Fotografia de Belo Horizonte (FIF-BH) cumpre o papel de colaborar para o desenvolvimento e profissionaliza\u00e7\u00e3o das artes visuais no pa\u00eds.<\/p>\n<p>As palestras ser\u00e3o uma atividade gratuita e aberta ao p\u00fablico, condicionada apenas \u00e0 lota\u00e7\u00e3o do espa\u00e7o.<\/p>\n<div class=\"one_half\"><\/div><span style=\"color: #993366;\">The themes and experimentations proposed in the lectures have the objective of introducing the public to an expanded overview of the process of photographic production, from its origins to modern days. They cover an extensive theoretical, practical, poetic and creative territory, addressing the traditional and experimental fields of photography.<\/span><\/p>\n<p><span style=\"color: #993366;\">These lectures are accessible to a diversity of audiences, making it possible to gather a large public as well as to encourage the professional training of the attendees. This way, the Belo Horizonte International Photography Festival (FIF-BH) plays its role in cooperating with the development and professionalization of visual arts in Brazil.<\/span><\/p>\n<p><span style=\"color: #993366;\">The lectures will be open to the public free of charge, only restricted by the visitor capacity of the area<\/span>.<\/div><div class=\"one_half last\">\n<p><strong>Palestras \/ Lectures:<\/strong><\/p>\n<p>O Espa\u00e7o Compartilhado da Imagem &#8211; Daniella G\u00e9o<br \/>\nDia 13 de julho, \u00e0s 17 horas<\/p>\n<p>Mem\u00f3ria Fotografia Mem\u00f3ria &#8211; Mauricio Lissovsky<br \/>\nDia 15 de julho, \u00e0s 19h30<\/p>\n<p><span style=\"color: #ff0000;\"><span style=\"color: #808080;\">Tecnologia e Visualidade &#8211; Andr\u00e9 Parente<\/span><span style=\"color: #000000;\">\u00a0<strong>(Cancelada)<br \/>\n<\/strong> Em torno da comunica\u00e7\u00e3o e da arte na contemporaneidade<b>,<\/b>\u00a0com Eduardo de Jesus<\/span><\/span><br \/>\nDia 16 de julho, \u00e0s 19h30<\/p>\n<p>Desobedi\u00eancia visual: a arte contempor\u00e2nea e a fotografia na Am\u00e9rica Latina dos s\u00e9culos XX e XXI &#8211; Kancy Cornejo<br \/>\nDia 17 de julho, \u00e0s 19h30<\/p>\n<p>A fotografia contempor\u00e2nea africana: uma ponte entre Europa e \u00c1frica &#8211; Simon Njami<br \/>\n18 de julho, \u00e0s 19h30<\/p>\n<p>A constru\u00e7\u00e3o do desejo pelas imagens &#8211; Daniel Coburn<br \/>\n19 de julho, \u00e0s 19h30<\/p>\n<p>Fotografia como encontro, com Alexandre Sequeira<br \/>\nDia 20, \u00e0s 15h<\/p>\n<p>Lan\u00e7amento do livro Menos-valia [leil\u00e3o], de Rosangela Renno, e mesa redonda com Maria Ang\u00e9lica Melendi (Piti) e a Lucia Capanema<br \/>\nDia 20 de julho, \u00e0s 17 horas<\/p>\n<p>Figura\u00e7\u00e3o na Fotografia Contempor\u00e2nea Alem\u00e3, com Isabel Flor\u00eancio<br \/>\nDia 21 de julho, \u00e0s 17 horas<\/p>\n<p><strong>Lan\u00e7amento de livros:<\/strong><\/p>\n<p>Sonho Branco, de Eliane Veloso<br \/>\nDia 14 de julho, \u00e0s 15 horas<\/p>\n<p>Imagens posteriores (2012), Membranas de luz: os tempos na imagem contempor\u00e2nea (2011), de Patr\u00edcia Gouveia<br \/>\nDia 14 de julho, \u00e0s 16 horas<\/p>\n<p>Fotografia Contempor\u00e2nea &#8211; entre o cinema, o v\u00eddeo e as novas m\u00eddias, de Antonio Fatorelli*<br \/>\nDia 14 de julho, \u00e0s 17 horas<\/p>\n<p>* O\u00a0<strong>Foto em Pauta<\/strong>\u00a0apoia esta atividade<\/p>\n<p>Rota Raiz, de Pedro David, e Moscouzinho, de Gilvan Barreto<br \/>\nDia 14 de julho, \u00e0s 18 horas<\/p>\n<\/div><div class=\"divider\"><\/div><\/div><div class=\"divider\"><\/div>\n<p>&nbsp;<\/p>\n","protected":false},"excerpt":{"rendered":"<p>&nbsp;<\/p>\n","protected":false},"author":1,"featured_media":0,"parent":0,"menu_order":0,"comment_status":"closed","ping_status":"closed","template":"page-fullwidth.php","meta":{"footnotes":""},"class_list":["post-576","page","type-page","status-publish","hentry"],"_links":{"self":[{"href":"https:\/\/www.2013.fif.art.br\/index.php?rest_route=\/wp\/v2\/pages\/576","targetHints":{"allow":["GET"]}}],"collection":[{"href":"https:\/\/www.2013.fif.art.br\/index.php?rest_route=\/wp\/v2\/pages"}],"about":[{"href":"https:\/\/www.2013.fif.art.br\/index.php?rest_route=\/wp\/v2\/types\/page"}],"author":[{"embeddable":true,"href":"https:\/\/www.2013.fif.art.br\/index.php?rest_route=\/wp\/v2\/users\/1"}],"replies":[{"embeddable":true,"href":"https:\/\/www.2013.fif.art.br\/index.php?rest_route=%2Fwp%2Fv2%2Fcomments&post=576"}],"version-history":[{"count":4,"href":"https:\/\/www.2013.fif.art.br\/index.php?rest_route=\/wp\/v2\/pages\/576\/revisions"}],"predecessor-version":[{"id":592,"href":"https:\/\/www.2013.fif.art.br\/index.php?rest_route=\/wp\/v2\/pages\/576\/revisions\/592"}],"wp:attachment":[{"href":"https:\/\/www.2013.fif.art.br\/index.php?rest_route=%2Fwp%2Fv2%2Fmedia&parent=576"}],"curies":[{"name":"wp","href":"https:\/\/api.w.org\/{rel}","templated":true}]}}