{"id":574,"date":"2014-10-30T17:49:04","date_gmt":"2014-10-30T17:49:04","guid":{"rendered":"https:\/\/www.2013.fif.art.br\/?page_id=574"},"modified":"2014-11-17T21:35:39","modified_gmt":"2014-11-17T21:35:39","slug":"leituras-de-portfolio-2013","status":"publish","type":"page","link":"https:\/\/www.2013.fif.art.br\/?page_id=574","title":{"rendered":"LEITURAS DE PORTFOLIO 2013"},"content":{"rendered":"<p class=\"p1\"><div class=\"one_fourth\"><strong><span style=\"color: #800000;\"><span style=\"color: #800000;\"><a href=\"https:\/\/www.2013.fif.art.br\/?page_id=29\">EXPOSI\u00c7\u00c3O<br \/>\n<\/a><\/span><\/span><\/strong><a style=\"color: #808080;\" href=\"https:\/\/www.2013.fif.art.br\/?page_id=29\">Exhibition<\/a><\/p>\n<p class=\"p1\"><a title=\"PALESTRAS 2013\" href=\"https:\/\/www.2013.fif.art.br\/?page_id=576\"><span style=\"color: #800000;\"><strong>PALESTRAS<\/strong><span class=\"s1\"><br \/>\n<\/span><span style=\"color: #808080;\">Lectures<\/span><\/span><\/a><\/p>\n<p class=\"p1\"><span style=\"color: #800000;\"><strong>OFICINAS<\/strong><span class=\"s1\"><br \/>\n<\/span><span style=\"color: #808080;\">Workshops<\/span><\/span><\/p>\n<p class=\"p1\"><strong><span style=\"color: #800000;\"><a title=\"MARATONA FOTOGR\u00c1FICA 2013\" href=\"https:\/\/www.2013.fif.art.br\/?page_id=583\">MARATONA FOTOGR\u00c1FICA<\/a><br \/>\n<a title=\"MARATONA FOTOGR\u00c1FICA 2013\" href=\"https:\/\/www.2013.fif.art.br\/?page_id=583\"><span style=\"color: #808080;\">Photographic Marathon<\/span><\/a><br \/>\n<\/span><\/strong><\/p>\n<p class=\"p1\"><strong><span style=\"color: #800000;\"><a title=\"LEITURAS DE PORTFOLIO 2013\" href=\"https:\/\/www.2013.fif.art.br\/?page_id=574\">LEITURAS DE PORTFOLIO<\/a><br \/>\n<a title=\"LEITURAS DE PORTFOLIO 2013\" href=\"https:\/\/www.2013.fif.art.br\/?page_id=574\"><span style=\"color: #808080;\">Portfolio reviews<\/span><\/a><br \/>\n<\/span><\/strong><\/p>\n<p class=\"p1\"><strong><span style=\"color: #800000;\"><a title=\"EDUCATIVO 2013\" href=\"https:\/\/www.2013.fif.art.br\/?page_id=578\">EDUCATIVO<\/a><br \/>\n<a title=\"EDUCATIVO 2013\" href=\"https:\/\/www.2013.fif.art.br\/?page_id=578\"><span style=\"color: #808080;\">Educational<\/span><\/a><br \/>\n<\/span><\/strong><\/p>\n<p class=\"p1\"><strong><span style=\"color: #800000;\">ARTISTAS<br \/>\n<span style=\"color: #808080;\">Artists<\/span><\/span><\/strong><\/p>\n<p class=\"p1\"><strong><span style=\"color: #800000;\">CONVIDADOS<br \/>\n<\/span><\/strong><strong><span style=\"color: #800000;\"><span style=\"color: #808080;\">Contributors<\/span><\/span><\/strong><\/div><div class=\"three_fourth last\"><iframe loading=\"lazy\" src=\"\/\/player.vimeo.com\/video\/85922749\" width=\"700\" height=\"395\" frameborder=\"0\" allowfullscreen=\"allowfullscreen\"><\/iframe><\/p>\n<p>&nbsp;<\/p>\n<div class=\"one_half\">As leituras de portf\u00f3lio s\u00e3o uma atividade de forma\u00e7\u00e3o de fundamental import\u00e2ncia, comuns em festivais de fotografia. Esse tipo de atividade ajuda fot\u00f3grafos e curadores a se conhecerem, trocarem experi\u00eancias, refer\u00eancias e contatos. Os curadores auxiliam os fot\u00f3grafos no desenvolvimento de seus trabalhos, possibilitando o direcionamento das propostas e pesquisas apresentadas,\u00a0contribuindo para uma maior profissionaliza\u00e7\u00e3o do participante. Os encontros ser\u00e3o realizados nos <strong>dias\u00a016 e 17 de julho<\/strong>, no <strong>Museu Mineiro<\/strong> [Av. Jo\u00e3o Pinheiro, 342 \u2013 Funcion\u00e1rios, Belo Horizonte\/MG]<\/div><div class=\"one_half last\">\n<p><span style=\"color: #993366;\">Portfolio reviews are of fundamental importance for training, and common in photography festivals. This kind of activity assists photographers and curators in meeting each other, exchanging experiences, references and contacts.Curators assist photographers in developing their work, making it possible to direct the presented purpose and research, thus contributing to a greater professionalization of the attendee.<\/span><\/p>\n<p><span style=\"color: #993366;\">Registration free of charge.<\/div><div class=\"divider\"><\/div><\/span><\/p>\n<h5><strong><span style=\"color: #d22c61;\"><a href=\"https:\/\/www.fif.art.br\/resultado-leituras-de-portfolio\/\" target=\"_blank\"><span style=\"color: #d22c61;\"><span style=\"color: #808080;\">RESULTADO:<\/span> CONHE\u00c7A OS FOT\u00d3GRAFOS SELECIONADOS<\/span><\/a><\/span><\/strong><\/h5>\n<\/div><div class=\"divider\"><\/div>\n","protected":false},"excerpt":{"rendered":"","protected":false},"author":1,"featured_media":0,"parent":0,"menu_order":0,"comment_status":"closed","ping_status":"closed","template":"page-fullwidth.php","meta":{"footnotes":""},"class_list":["post-574","page","type-page","status-publish","hentry"],"_links":{"self":[{"href":"https:\/\/www.2013.fif.art.br\/index.php?rest_route=\/wp\/v2\/pages\/574","targetHints":{"allow":["GET"]}}],"collection":[{"href":"https:\/\/www.2013.fif.art.br\/index.php?rest_route=\/wp\/v2\/pages"}],"about":[{"href":"https:\/\/www.2013.fif.art.br\/index.php?rest_route=\/wp\/v2\/types\/page"}],"author":[{"embeddable":true,"href":"https:\/\/www.2013.fif.art.br\/index.php?rest_route=\/wp\/v2\/users\/1"}],"replies":[{"embeddable":true,"href":"https:\/\/www.2013.fif.art.br\/index.php?rest_route=%2Fwp%2Fv2%2Fcomments&post=574"}],"version-history":[{"count":2,"href":"https:\/\/www.2013.fif.art.br\/index.php?rest_route=\/wp\/v2\/pages\/574\/revisions"}],"predecessor-version":[{"id":594,"href":"https:\/\/www.2013.fif.art.br\/index.php?rest_route=\/wp\/v2\/pages\/574\/revisions\/594"}],"wp:attachment":[{"href":"https:\/\/www.2013.fif.art.br\/index.php?rest_route=%2Fwp%2Fv2%2Fmedia&parent=574"}],"curies":[{"name":"wp","href":"https:\/\/api.w.org\/{rel}","templated":true}]}}