{"id":10,"date":"2014-08-27T21:37:51","date_gmt":"2014-08-27T21:37:51","guid":{"rendered":"https:\/\/www.2013.fif.art.br\/?page_id=10"},"modified":"2014-10-14T21:52:16","modified_gmt":"2014-10-14T21:52:16","slug":"equipe","status":"publish","type":"page","link":"https:\/\/www.2013.fif.art.br\/?page_id=10","title":{"rendered":"Equipe"},"content":{"rendered":"<h5><strong>Idealiza\u00e7\u00e3o e coordena\u00e7\u00e3o do FIF \/\u00a0<\/strong>Directors<\/h5>\n<p>Bruno Vilela<\/p>\n<p>Guilherme Cunha<\/p>\n<h5><strong>Curadoria do Festival \/ Curator<br \/>\n<\/strong><\/h5>\n<p>Eduardo de Jesus<\/p>\n<h5><strong>Curadoria<\/strong>\u00a0da Exposi\u00e7\u00e3o \/ Curator Exhibition<\/h5>\n<p>Eduardo de Jesus<\/p>\n<p>Patr\u00edcia Azevedo<\/p>\n<p>Bruno Vilela<\/p>\n<p>Guilherme Cunha<\/p>\n<h5>Assessoria de comunica\u00e7\u00e3o \/ Assessorship of communication<\/h5>\n<p>Jessica Soares (ODARA.CC)<\/p>\n<p>Thais Marinho (ODARA.CC)<\/p>\n<h5>Produ\u00e7\u00e3o \/ Producttion<\/h5>\n<p>Paula Kimo<\/p>\n<h5>Educativo \/ Development Program<\/h5>\n<p>Emmanuela Tolentino<\/p>\n<h5>Design<\/h5>\n<p>Br\u00edgida Campbell<\/p>\n<h5><strong>Gest\u00e3o administrativa financeira \/\u00a0 Admistrattion<br \/>\n<\/strong><\/h5>\n<p>Sinergia Gest\u00e3o de Projetos<\/p>\n","protected":false},"excerpt":{"rendered":"<p>Idealiza\u00e7\u00e3o e coordena\u00e7\u00e3o do FIF \/\u00a0Directors Bruno Vilela Guilherme Cunha Curadoria do Festival \/ Curator Eduardo de Jesus Curadoria\u00a0da Exposi\u00e7\u00e3o \/ Curator Exhibition Eduardo de Jesus Patr\u00edcia Azevedo Bruno Vilela Guilherme Cunha Assessoria de comunica\u00e7\u00e3o \/ Assessorship of communication Jessica Soares (ODARA.CC) Thais Marinho (ODARA.CC) Produ\u00e7\u00e3o \/ Producttion Paula Kimo Educativo \/ Development Program Emmanuela [&hellip;]<\/p>\n","protected":false},"author":1,"featured_media":0,"parent":0,"menu_order":0,"comment_status":"closed","ping_status":"closed","template":"page-fullwidth.php","meta":{"footnotes":""},"class_list":["post-10","page","type-page","status-publish","hentry"],"_links":{"self":[{"href":"https:\/\/www.2013.fif.art.br\/index.php?rest_route=\/wp\/v2\/pages\/10","targetHints":{"allow":["GET"]}}],"collection":[{"href":"https:\/\/www.2013.fif.art.br\/index.php?rest_route=\/wp\/v2\/pages"}],"about":[{"href":"https:\/\/www.2013.fif.art.br\/index.php?rest_route=\/wp\/v2\/types\/page"}],"author":[{"embeddable":true,"href":"https:\/\/www.2013.fif.art.br\/index.php?rest_route=\/wp\/v2\/users\/1"}],"replies":[{"embeddable":true,"href":"https:\/\/www.2013.fif.art.br\/index.php?rest_route=%2Fwp%2Fv2%2Fcomments&post=10"}],"version-history":[{"count":1,"href":"https:\/\/www.2013.fif.art.br\/index.php?rest_route=\/wp\/v2\/pages\/10\/revisions"}],"predecessor-version":[{"id":11,"href":"https:\/\/www.2013.fif.art.br\/index.php?rest_route=\/wp\/v2\/pages\/10\/revisions\/11"}],"wp:attachment":[{"href":"https:\/\/www.2013.fif.art.br\/index.php?rest_route=%2Fwp%2Fv2%2Fmedia&parent=10"}],"curies":[{"name":"wp","href":"https:\/\/api.w.org\/{rel}","templated":true}]}}